Is 4690573 composite?
True
Is 7340321 composite?
True
Is 79340273 a composite number?
False
Is 21392329 a composite number?
True
Is 32092031 a composite number?
True
Is 2813555 composite?
True
Is 2236803 composite?
True
Is 2606171 composite?
False
Is 33062819 composite?
False
Is 101152817 a composite number?
True
Is 146010835 a prime number?
False
Is 306258487 a composite number?
True
Is 74281489 prime?
True
Is 112269669 prime?
False
Is 1649099 prime?
True
Is 278880463 composite?
False
Is 516375845 composite?
True
Is 28694811 a prime number?
False
Is 708931 composite?
True
Is 3313977 a prime number?
False
Is 26827837 a composite number?
False
Is 5490487 a prime number?
False
Is 17053613 a prime number?
True
Is 1274339 a prime number?
False
Is 3968177 a prime number?
True
Is 1214333 prime?
True
Is 316040819 a prime number?
False
Is 276984599 prime?
True
Is 9006485 prime?
False
Is 214382137 a prime number?
True
Is 34039 a prime number?
True
Is 1527007 a composite number?
True
Is 366239 composite?
False
Is 77134103 a composite number?
True
Is 36875243 composite?
False
Is 42559277 composite?
False
Is 5263729 a composite number?
False
Is 717581 a prime number?
True
Is 573043 a prime number?
False
Is 53932693 a prime number?
False
Is 141245339 a prime number?
True
Is 707268701 a composite number?
True
Is 45398879 a prime number?
True
Is 367957861 a prime number?
False
Is 8377597 prime?
True
Is 382348087 a prime number?
False
Is 172448473 composite?
True
Is 84649547 a prime number?
False
Is 6656833 a prime number?
True
Is 156255373 a composite number?
True
Is 3758077 a prime number?
True
Is 78464065 a prime number?
False
Is 6755713 a prime number?
True
Is 267084781 prime?
False
Is 630997 a prime number?
True
Is 2035301 composite?
False
Is 6056461 a composite number?
True
Is 2481971 composite?
False
Is 5382887 prime?
True
Is 122443 composite?
False
Is 73390253 prime?
True
Is 5809511 prime?
True
Is 3036731 prime?
True
Is 2387579 a composite number?
False
Is 116239 prime?
True
Is 100999 composite?
False
Is 60097001 a composite number?
False
Is 246743399 a prime number?
False
Is 18070469 composite?
True
Is 125741029 prime?
True
Is 5326231 composite?
True
Is 13132213 a prime number?
False
Is 3366611 a prime number?
True
Is 9197751 composite?
True
Is 7761731 composite?
False
Is 4886929 prime?
True
Is 3159413 a prime number?
True
Is 18289781 prime?
True
Is 1864633 a composite number?
True
Is 152809127 prime?
True
Is 9444247 composite?
False
Is 372539 a prime number?
True
Is 10047553 a prime number?
True
Is 40708223 a prime number?
False
Is 105740207 a prime number?
False
Is 284821591 a composite number?
True
Is 29580241 a composite number?
False
Is 281135399 prime?
False
Is 82064977 composite?
False
Is 1023677 a composite number?
True
Is 4881334 a prime number?
False
Is 15264917 a prime number?
True
Is 99295951 a prime number?
True
Is 12330689 composite?
True
Is 18035819 a prime number?
True
Is 160054633 composite?
False
Is 11996507 a composite number?
False
Is 6289579 a prime number?
True
Is 1218226 a composite number?
True
Is 6409853 a prime number?
False
Is 78155557 a prime number?
False
Is 33144377 prime?
False
Is 485423 prime?
True
Is 3222501 a composite number?
True
Is 217873 a prime number?
False
Is 21116759 a prime number?
True
Is 127709363 composite?
True
Is 5810347 a prime number?
False
Is 269223247 a composite number?
True
Is 981430871 composite?
False
Is 19615243 prime?
False
Is 94263523 composite?
False
Is 6080045 a prime number?
False
Is 107039785 a composite number?
True
Is 10058761 a composite number?
False
Is 1110077 prime?
True
Is 63446317 a prime number?
False
Is 265189 composite?
True
Is 1402589 composite?
False
Is 39257033 a prime number?
True
Is 23429951 prime?
True
Is 430487 prime?
True
Is 376314131 prime?
True
Is 11672893 prime?
True
Is 1724299 prime?
True
Is 69054559 a composite number?
True
Is 203968943 a composite number?
True
Is 62712257 a prime number?
True
Is 374081 prime?
False
Is 2915639 a prime number?
False
Is 6132299 a composite number?
False
Is 4122827 composite?
False
Is 177123577 a prime number?
False
Is 18425159 composite?
False
Is 62709047 a composite number?
True
Is 236235017 composite?
False
Is 15197707 prime?
False
Is 2241119 composite?
False
Is 103099 prime?
True
Is 4853243 prime?
True
Is 2495281 a prime number?
False
Is 97073 prime?
True
Is 64997861 a prime number?
False
Is 3099662 a prime number?
False
Is 5629571 a prime number?
True
Is 1270757 a composite number?
False
Is 52828717 a composite number?
True
Is 10066205 prime?
False
Is 29290171 a prime number?
True
Is 48409657 a prime number?
False
Is 80632982 a prime number?
False
Is 230430847 a prime number?
True
Is 1131257 a composite number?
True
Is 1701959 a composite number?
True
Is 29395681 composite?
True
Is 141759881 a composite number?
False
Is 522267829 a composite number?
True
Is 3070853 prime?
True
Is 17512909 a prime number?
True
Is 599603 composite?
False
Is 22460149 a prime number?
False
Is 14394169 composite?
True
Is 4461605 a prime number?
False
Is 1001899 a composite number?
True
Is 5180419 a composite number?
False
Is 1069122491 a prime number?
True
Is 4009219 composite?
False
Is 65467463 composite?
False
Is 6188477 prime?
True
Is 10488397 a composite number?
True
Is 143787271 prime?
False
Is 546821 prime?
False
Is 14243447 a prime number?
True
Is 79044278 prime?
False
Is 3535985 composite?
True
Is 825139 prime?
False
Is 254310733 composite?
False
Is 27686219 prime?
False
Is 258366635 prime?
False
Is 2595755 a composite number?
True
Is 2251309 prime?
False
Is 1320533 a composite number?
False
Is 239643574 a composite number?
True
Is 389509 a composite number?
True
Is 2661391 composite?
False
Is 2709247 prime?
False
Is 588551 composite?
True
Is 87779 composite?
True
Is 151737434 a prime number?
False
Is 5733053 a composite number?
False
Is 232349539 composite?
True
Is 742879 a composite number?
True
Is 2916211 prime?
False
Is 14936219 prime?
True
Is 130952837 prime?
False
Is 1865882 a composite number?
True
Is 535812989 composite?
False
Is 1885243 a composite number?
False
Is 26443207 a prime number?
False
Is 442895249 composite?
False
Is 54840561 composite?
True
Is 117512315 composite?
True
Is 40543 prime?
True
Is 7871873 composite?
False
Is 267661 a prime number?
True
Is 7936519 a prime number?
True
Is 90359 a composite number?
False
Is 326169721 prime?
True
Is 95803823 a prime number?
False
Is 1335137 a composite number?
False
Is 96923903 composite?
False
Is 27483641 a prime number?
True
Is 82048753 a composite number?
False
Is 295159999 prime?
False
Is 5400751 prime?
False
Is 42387577 composite?
True
Is 3779921 a composite number?
False
Is 54565457 a prime number?
False
Is 3735561 a prime number?
False
Is 2528047 a composite number?
True
Is 46601 a prime number?
True
Is 117878791 prime?
True
Is 326657 a composite number?
False
Is 2029733 a composite number?
True
Is 98247517 a prime number?
False
Is 422953 a composite number?
True
Is 2415359 a composite number?
False
Is 325603507 composite?
False
Is 24988151 a composite number?
True
Is 2106373 prime?
False
Is 583723727 a composite number?
False
Is 1107493 a prime number?
False
Is 2080651 a composite number?
False
Is 256159133 composite?
False
Is 12865361 a composite number?
False
Is 802499 a prime number?
True
Is 1408837 a composite number?
True
Is 64957435 a composite number?
True
Is 108330469 a composite number?
True
Is 7904009 prime?
True
Is 8359133 a composite number?
False
Is 119489 composite?
False
Is 139884931 prime?
True
Is 11770909 a composite number?
False
Is 151120253 composite?
False
Is 2792077 prime?
False
Is 7329559 a composite number?
False
Is 6673951 composite?
False
Is 18563861 a prime number?
False
Is 131393831 a prime number?
True
Is 132217 a prime number?
False
Is 16197023 composite?
False
Is 5139949 composite?
False
Is 1508651 a prime number?
True
Is 8070599 a prime number?
True
Is 1430761767 composite?
True
Is 14115533 a prime number?
True
Is 44046887 composite?
False
Is 845014289 prime?
False
Is 273616559 composite?
True
Is 1577657 composite?
False
Is 12912715 composite?
True
Is 895487 a prime number?
False
Is 830509 composite?
True
Is 5753051 composite?
False
Is 7